emainder when 5835 is divided by 831?
18
Calculate the remainder when 44199 is divided by 325.
324
Calculate the remainder when 2406 is divided by 442.
196
What is the remainder when 67590 is divided by 952?
950
Calculate the remainder when 7396 is divided by 49.
46
Calculate the remainder when 2456 is divided by 1217.
22
What is the remainder when 777 is divided by 133?
112
Calculate the remainder when 128411 is divided by 21401.
5
What is the remainder when 16229 is divided by 223?
173
Calculate the remainder when 25027 is divided by 25021.
6
What is the remainder when 34675 is divided by 511?
438
Calculate the remainder when 428747 is divided by 490.
487
Calculate the remainder when 1421 is divided by 149.
80
Calculate the remainder when 25913 is divided by 11.
8
Calculate the remainder when 7166 is divided by 3526.
114
Calculate the remainder when 26380 is divided by 34.
30
What is the remainder when 7273 is divided by 13?
6
Calculate the remainder when 1726009 is divided by 442.
441
Calculate the remainder when 108822 is divided by 61.
59
What is the remainder when 323255 is divided by 157?
149
What is the remainder when 9307 is divided by 274?
265
Calculate the remainder when 349423 is divided by 59.
25
What is the remainder when 120137 is divided by 78?
17
Calculate the remainder when 4562 is divided by 1038.
410
Calculate the remainder when 31612 is divided by 810.
22
Calculate the remainder when 640 is divided by 173.
121
Calculate the remainder when 411225 is divided by 181.
174
What is the remainder when 7428 is divided by 1409?
383
Calculate the remainder when 22826 is divided by 5.
1
Calculate the remainder when 3150 is divided by 3134.
16
Calculate the remainder when 9069 is divided by 296.
189
What is the remainder when 4106 is divided by 278?
214
What is the remainder when 1443705 is divided by 238?
235
What is the remainder when 98239 is divided by 81?
67
Calculate the remainder when 942854 is divided by 16.
6
What is the remainder when 3220 is divided by 691?
456
What is the remainder when 4431 is divided by 1459?
54
What is the remainder when 57961 is divided by 44?
13
What is the remainder when 12153 is divided by 156?
141
What is the remainder when 94463 is divided by 47212?
39
What is the remainder when 1298 is divided by 168?
122
Calculate the remainder when 35979 is divided by 11988.
15
Calculate the remainder when 16544 is divided by 447.
5
Calculate the remainder when 26521 is divided by 302.
247
Calculate the remainder when 168910 is divided by 42227.
2
Calculate the remainder when 138737 is divided by 9907.
39
Calculate the remainder when 34644 is divided by 666.
12
Calculate the remainder when 29956 is divided by 3744.
4
Calculate the remainder when 1713 is divided by 86.
79
Calculate the remainder when 1584 is divided by 788.
8
Calculate the remainder when 6007 is divided by 1195.
32
What is the remainder when 4211 is divided by 205?
111
Calculate the remainder when 25689 is divided by 12529.
631
Calculate the remainder when 400 is divided by 344.
56
What is the remainder when 2609 is divided by 173?
14
Calculate the remainder when 6685 is divided by 450.
385
Calculate the remainder when 37489 is divided by 7493.
24
Calculate the remainder when 1321 is divided by 174.
103
What is the remainder when 1561 is divided by 1197?
364
Calculate the remainder when 4702 is divided by 855.
427
Calculate the remainder when 22544 is divided by 270.
134
Calculate the remainder when 22037 is divided by 276.
233
What is the remainder when 76873 is divided by 75?
73
What is the remainder when 18307236 is divided by 13?
12
What is the remainder when 2820 is divided by 2750?
70
Calculate the remainder when 70047 is divided by 124.
111
What is the remainder when 153183 is divided by 14?
9
What is the remainder when 28492 is divided by 47?
10
Calculate the remainder when 4321 is divided by 1072.
33
Calculate the remainder when 3460 is divided by 428.
36
What is the remainder when 25898 is divided by 6132?
1370
What is the remainder when 570074 is divided by 164?
10
What is the remainder when 1324 is divided by 2?
0
Calculate the remainder when 12939 is divided by 43.
39
Calculate the remainder when 2010859 is divided by 833.
830
What is the remainder when 918761 is divided by 9?
5
What is the remainder when 853499 is divided by 284498?
5
Calculate the remainder when 178290 is divided by 391.
385
Calculate the remainder when 13381 is divided by 742.
25
Calculate the remainder when 100485 is divided by 33495.
0
Calculate the remainder when 57581 is divided by 647.
645
What is the remainder when 4203 is divided by 4131?
72
What is the remainder when 52687 is divided by 83?
65
Calculate the remainder when 15998 is divided by 2168.
822
What is the remainder when 151488 is divided by 1443?
1416
What is the remainder when 7399 is divided by 124?
83
What is the remainder when 1448 is divided by 131?
7
Calculate the remainder when 12970398 is divided by 40.
38
What is the remainder when 217739 is divided by 10?
9
What is the remainder when 1853694 is divided by 832?
830
Calculate the remainder when 11929 is divided by 1801.
1123
What is the remainder when 729010 is divided by 703?
702
Calculate the remainder when 13202 is divided by 117.
98
What is the remainder when 117622 is divided by 181?
153
Calculate the remainder when 898 is divided by 325.
248
Calculate the remainder when 1082557 is divided by 544.
541
Calculate the remainder when 514489 is divided by 39575.
14
Calculate the remainder when 120748 is divided by 75.
73
What is the remainder when 7319 is divided by 913?
15
What is the remainder when 1315 is divided by 689?
626
Calculate the remainder when 5103 is divided by 2541.
21
What is the remainder when 5359 is divided by 1066?
29
Calculate the remainder when 873 is divided by 86.
13
What is the remainder when 11038 is divided by 459?
22
Calculate the remainder when 156062 is divided by 44.
38
What is the remainder when 366671 is divided by 393?
2
Calculate the remainder when 120974 is divided by 39.
35
Calculate the remainder when 8801 is divided by 59.
10
Calculate the remainder when 1277318 is divided by 39.
29
Calculate the remainder when 82046 is divided by 41007.
32
What is the remainder when 12363 is divided by 3074?
67
What is the remainder when 852 is divided by 26?
20
Calculate the remainder when 935050 is divided by 55.
50
Calculate the remainder when 4442 is divided by 60.
2
Calculate the remainder when 18705 is divided by 239.
63
What is the remainder when 19689 is divided by 195?
189
What is the remainder when 28304 is divided by 14151?
2
Calculate the remainder when 70445 is divided by 446.
423
Calculate the remainder when 53398 is divided by 71.
6
Calculate the remainder when 3542 is divided by 119.
91
What is the remainder when 12289 is divided by 2147?
1554
What is the remainder when 63249 is divided by 197?
12
What is the remainder when 38685 is divided by 16?
13
Calculate the remainder when 896 is divided by 167.
61
What is the remainder when 5351 is divided by 446?
445
Calculate the remainder when 964 is divided by 240.
4
Calculate the remainder when 6597 is divided by 366.
9
Calculate the remainder when 55726 is divided by 108.
106
Calculate the remainder when 242494 is divided by 1059.
1042
What is the remainder when 41377 is divided by 10301?
173
What is the remainder when 6436 is divided by 119?
10
What is the remainder when 7911 is divided by 50?
11
Calculate the remainder when 699 is divided by 26.
23
Calculate the remainder when 794812 is divided by 16.
12
What is the remainder when 28607 is divided by 205?
112
What is the remainder when 667147 is divided by 1213?
1210
What is the remainder when 33625 is divided by 34?
33
What is the remainder when 39966 is divided by 14?
10
Calculate the remainder when 898 is divided by 374.
150
Calculate the remainder when 3489197 is divided by 55.
52
What is the remainder when 526 is divided by 370?
156
What is the remainder when 12808 is divided by 305?
303
Calculate the remainder when 39643 is divided by 112.
107
Calculate the remainder when 295686 is divided by 98555.
21
What is the remainder when 5438 is divided by 52?
30
What is the remainder when 267178 is d